?
False
Is 142437721 a prime number?
False
Is 269575195 prime?
False
Is 12708467 a composite number?
True
Is 467209 composite?
False
Is 2101423 a prime number?
True
Is 48635981 a prime number?
True
Is 22356491 composite?
False
Is 1273904923 a composite number?
False
Is 55070693 composite?
False
Is 21029467 a prime number?
False
Is 1751972947 a composite number?
False
Is 6165581 composite?
False
Is 13633574 composite?
True
Is 66060517 prime?
False
Is 567331 composite?
True
Is 33457 a prime number?
True
Is 2361277 a composite number?
True
Is 10215229 composite?
False
Is 1157759 a composite number?
False
Is 33828043 a prime number?
True
Is 67168511 composite?
False
Is 4182355 prime?
False
Is 7994903 a prime number?
False
Is 21839599 a prime number?
True
Is 63245263 prime?
True
Is 893901 a composite number?
True
Is 3053473 a prime number?
False
Is 18945683 composite?
False
Is 1959941 composite?
False
Is 176995799 composite?
True
Is 10929211 composite?
True
Is 923171 a composite number?
False
Is 2916467 prime?
False
Is 5147399 prime?
True
Is 435101 prime?
False
Is 14724191 prime?
False
Is 2961583 composite?
False
Is 40219255 prime?
False
Is 507677 a prime number?
False
Is 441055 a composite number?
True
Is 14083573 a prime number?
False
Is 1539936217 prime?
False
Is 9861793 prime?
False
Is 5037157 a prime number?
True
Is 2323259 a composite number?
False
Is 569567 composite?
True
Is 58836061 a prime number?
False
Is 13073989 composite?
False
Is 13726247 prime?
False
Is 124793077 a composite number?
True
Is 7236274 composite?
True
Is 165116651 a composite number?
True
Is 43915 composite?
True
Is 365634593 a composite number?
True
Is 331161941 prime?
False
Is 508784723 composite?
False
Is 4489939 a composite number?
True
Is 54452881 a composite number?
True
Is 1151701 prime?
True
Is 8271281 a composite number?
False
Is 630127 a composite number?
False
Is 8645149 a prime number?
False
Is 8068703 composite?
False
Is 16292161 a prime number?
True
Is 33823709 prime?
False
Is 5515501 composite?
False
Is 2959163 a prime number?
False
Is 2707127 composite?
False
Is 6311519 a prime number?
False
Is 36050837 prime?
True
Is 52160417 a composite number?
True
Is 111113 composite?
True
Is 57543 composite?
True
Is 13993241 composite?
True
Is 39300799 a composite number?
True
Is 56011127 prime?
True
Is 5550247 prime?
False
Is 1233779 a prime number?
True
Is 13839229 a prime number?
True
Is 189254939 a composite number?
True
Is 2081629 prime?
False
Is 1896199 a prime number?
True
Is 15333391 a prime number?
False
Is 1589567 prime?
False
Is 2908889 a composite number?
False
Is 3170733 a prime number?
False
Is 2838971 prime?
False
Is 27574597 composite?
False
Is 1637033 a prime number?
False
Is 164007583 composite?
True
Is 9337109 composite?
False
Is 615816379 a composite number?
False
Is 443599 a prime number?
False
Is 5466497 composite?
False
Is 33481659 prime?
False
Is 69132589 a prime number?
True
Is 27698173 prime?
False
Is 3349063 a composite number?
True
Is 2169581 composite?
True
Is 610529657 a composite number?
True
Is 5250617 a prime number?
True
Is 1594637 a composite number?
True
Is 236867 prime?
True
Is 66529 a prime number?
True
Is 175436623 prime?
False
Is 7448201 a composite number?
True
Is 362490581 a prime number?
True
Is 4664251 prime?
False
Is 7902259 a composite number?
False
Is 17010142 a composite number?
True
Is 154327066 a composite number?
True
Is 3258649 a prime number?
True
Is 115731181 composite?
False
Is 2102383 a prime number?
True
Is 375654611 a prime number?
True
Is 19515311 a composite number?
False
Is 289415749 a prime number?
False
Is 1010407 composite?
False
Is 4917329 composite?
False
Is 24248297 prime?
True
Is 171062818 prime?
False
Is 11554051 a composite number?
False
Is 247633807 prime?
False
Is 388391903 prime?
True
Is 47821147 a composite number?
True
Is 6815807 a prime number?
False
Is 2134439 a composite number?
False
Is 838231 prime?
False
Is 2548152281 a prime number?
True
Is 36968137 composite?
True
Is 2440595 a composite number?
True
Is 105402757 a prime number?
True
Is 28480607 a prime number?
True
Is 1085047 a prime number?
True
Is 333070207 a composite number?
False
Is 28083227 prime?
True
Is 3668741 prime?
True
Is 7656617 a composite number?
True
Is 5430463 prime?
False
Is 2154329 a prime number?
True
Is 24847777 prime?
False
Is 49917559 composite?
True
Is 326054831 composite?
True
Is 3355217 a composite number?
True
Is 45035989 a prime number?
False
Is 69111583 a composite number?
False
Is 64333063 composite?
False
Is 37055779 a composite number?
True
Is 13986001 a composite number?
True
Is 2040329 prime?
False
Is 4373302 a composite number?
True
Is 39309007 a prime number?
False
Is 226260757 prime?
True
Is 5197741 a prime number?
False
Is 1207042 composite?
True
Is 56354603 a prime number?
True
Is 9067411 a composite number?
True
Is 7325897 prime?
True
Is 123606883 a composite number?
False
Is 879959 a composite number?
True
Is 2528527 a composite number?
False
Is 8108479 a prime number?
True
Is 1009517 composite?
True
Is 127061843 a composite number?
False
Is 54444227 a prime number?
True
Is 2734211 a composite number?
False
Is 26124953 prime?
False
Is 110512063 a prime number?
False
Is 136935671 composite?
False
Is 73890407 a prime number?
False
Is 16823269 a prime number?
False
Is 8258051 a composite number?
False
Is 34519691 a prime number?
True
Is 37861997 composite?
False
Is 7903277 prime?
True
Is 2542913 composite?
False
Is 434176609 prime?
False
Is 445500197 a composite number?
True
Is 4654057 a composite number?
True
Is 44833547 composite?
True
Is 125697634 a composite number?
True
Is 6439439 a composite number?
False
Is 6226127 prime?
True
Is 509631911 a prime number?
False
Is 1979891 prime?
True
Is 1572323 a composite number?
False
Is 15126817 composite?
False
Is 20691241 prime?
False
Is 1132207 composite?
True
Is 86509861 a prime number?
False
Is 2391673 a prime number?
False
Is 136237 a prime number?
True
Is 69522931 prime?
True
Is 1486319791 composite?
True
Is 308233293 a prime number?
False
Is 39333395 composite?
True
Is 2203223 prime?
False
Is 16605253 prime?
False
Is 6073987 a prime number?
False
Is 50245007 composite?
True
Is 5754553 a composite number?
True
Is 120626621 composite?
True
Is 25533957 prime?
False
Is 2345173 composite?
True
Is 171320651 prime?
True
Is 344014439 prime?
True
Is 1563389 composite?
False
Is 21834793 prime?
True
Is 62574097 a composite number?
False
Is 1813687 a prime number?
False
Is 8398033 a composite number?
True
Is 15693109 a composite number?
True
Is 1991647 prime?
False
Is 3060879 composite?
True
Is 1441499 prime?
False
Is 5397482045 prime?
False
Is 514541 composite?
True
Is 131667 composite?
True
Is 235603 a prime number?
False
Is 6583051 a prime number?
True
Is 537397 prime?
False
Is 69136139 composite?
True
Is 31393159 a prime number?
False
Is 138923647 prime?
False
Is 11718787 prime?
True
Is 105415399 composite?
False
Is 718541 composite?
False
Is 1629427 a composite number?
False
Is 1832057 composite?
False
Is 7518961 a composite number?
False
Is 30958393 composite?
True
Is 17933731 a prime number?
False
Is 6224353 composite?
False
Is 520193 a composite number?
False
Is 628785367 a composite number?
True
Is 15339041 a prime number?
True
Is 55132117 prime?
False
Is 35436671 prime?
True
Is 51667582 composite?
True
Is 28921142 composite?
True
Is 7450327 composite?
True
Is 4153759 composite?
False
Is 52146683 a composite number?
True
Is 361141 a prime number?
False
Is 41619091 a prime number?
False
Is 11544659 a prime number?
False
Is 318856913 composite?
True
Is 39196769 a composite number?
False
Is 82489681 a composite number?
False
Is 1587493 a composite number?
True
Is 29568679 composite?
True
Is 3956881 composite?
False
Is 42212237 prime?
True
Is 116764649 a prime number?
False
Is 754513 composite?
False
Is 12478001 a prime number?
True
Is 99816547 prime?
False
Is 14081479 composite?
True
Is 7793785 composite?
True
Is 93753641 a composite number?
True
Is 745391 a composite number?
False
Is 43239219 composite?
True
Is 111324337 composite?
False
Is 96393811 composite?
True
Is 4832803 a composite number?
True
Is 376565165 composite?
True
Is 24551147 a pri